ppose -j = -n - n + v, -4*j + 208 = 4*n. What is the tens digit of n?
5
Let a(r) be the second derivative of r**4/6 - r**3/3 - 3*r**2 + 3*r. Let c be a(3). Suppose -c*s - 110 = -8*s. What is the tens digit of s?
5
Let r(h) = -38*h**3 - h**2 + 6*h. What is the tens digit of r(-5)?
9
Let k = -18 + 34. Suppose r = 2*z - 125, -3*z = r - 211 + k. What is the tens digit of z?
6
What is the hundreds digit of (-2102)/4*(-19 - 289/(-17))?
0
Suppose 7*l = 8*l - 20. Let x = l - 29. Let d = 1 - x. What is the tens digit of d?
1
Suppose -5*u = 32 - 167. Suppose 0 = 17*p + 12*p + 725. Let g = u + p. What is the units digit of g?
2
Suppose 966 = 8*f - 2114. What is the hundreds digit of f?
3
Let v(t) be the third derivative of 8*t**2 + 0*t + 1/6*t**3 + 0 - 7/12*t**4. What is the tens digit of v(-2)?
2
Let g = -9 - -17. Let q = 12 - g. Suppose 0 = 8*p - q*p - 48. What is the units digit of p?
2
Suppose 6*f - 2*u = 3*f - 301, -f - 5*u = 89. Let w = 146 + f. Suppose w = -5*n + 197. What is the units digit of n?
0
Let j(g) = g**3 - g + 208. Let m be (-2)/(-12) - (5 + (-145)/30). What is the hundreds digit of j(m)?
2
Let x be (-180)/(-99) + (-4)/(-22). Suppose x*q = -l + 162, 0 = 5*l + 3 + 7. What is the tens digit of q?
8
What is the units digit of (-1 + 0)*(-2)/((-10)/(-8965))?
3
Suppose -7 = 5*j - o, -3*j + 0*o + 7 = 5*o. Let w be -3 - 0*(2 + j). What is the tens digit of w/12 + (-339)/(-12)?
2
Let s = -25 - 15. Let t be 65/s - (-3)/(-8). Let l(c) = 8*c**2 + 4*c + 3. What is the units digit of l(t)?
7
Let d be (30/9)/(1 - (-33)/(-27)). What is the hundreds digit of (330/d)/(4/(-22))?
1
Let n(r) = r**2 + 11*r - 6. Suppose -47 = 4*a - 5*o, 3*a - 2*o = 5*a + 10. Let x be n(a). What is the units digit of -1 - x*2/3?
9
Let p(r) = -74*r**3 - 3*r**2 - 19*r - 25. What is the units digit of p(-2)?
3
Let n(a) = -2684*a + 31. What is the units digit of n(-1)?
5
Let h = 22 - 4. Suppose y - h - 65 = 0. What is the tens digit of y?
8
Let a(v) = 13*v**2 + 121*v + 5. What is the units digit of a(-12)?
5
Suppose 59*t - 198 = 58*t. What is the tens digit of t?
9
Let i = -10 + 9. Let o be (i - (3 - 5))*12. Suppose a = -1 - 4, 2*s + 4*a = -o. What is the units digit of s?
4
Suppose x + 619 = p, 3*p = -2*x + 2295 - 438. What is the tens digit of p?
1
Suppose -2*x + 1 = -3*x. Let n(d) = -57*d + 2. What is the tens digit of n(x)?
5
Let v = 11 - 15. Suppose -5*a - 12*a = -17. What is the tens digit of ((132/v)/(-3))/a?
1
Suppose 7*t - 357 = -5*g - 21, 3*g + 4*t = 201. What is the tens digit of g?
6
Suppose z = 5*i - 180, 5*z = i - 2 - 10. Suppose -3*q + 6*q + 3 = 0, 2*l = 5*q + i. What is the units digit of l?
6
Let m = 725 + -137. What is the units digit of (-1 - 9/(-6))/(2/m)?
7
Let q(a) = 34 + 0*a + a + 0*a + a. What is the units digit of q(-14)?
6
Let u(o) = 14*o**2 - 13*o - 25. What is the units digit of u(9)?
2
Let s = 622 - 191. What is the hundreds digit of s?
4
Suppose 0 = 4*z + 2*w - 5318, -z - 5*w = -w - 1326. What is the tens digit of z?
3
Let d = -26 - -26. Suppose 4*p - 3*z - 15 = 0, 2*p + 5 = -d*p - z. Suppose p*x - 3*x + 9 = 0. What is the units digit of x?
3
Let b(k) = -18*k - 2*k**3 + 14 + 3*k**3 + 14*k**2 + k**2. Suppose -4*t + 12 = -4*y + 76, -3*y - 64 = 4*t. What is the tens digit of b(t)?
4
Let b = -32 - -34. Suppose 0 = 4*w - 4*l + 8, w - b*l - 3*l = -10. Suppose c = 74 - w. What is the units digit of c?
4
Suppose -9 = 4*h + 27. Let k be 39/((-1)/(6/h)). Let v = -8 + k. What is the tens digit of v?
1
Let s(j) = -j**3 - 7*j**2 - 5*j + 8. Let m be s(-6). Let u(z) = z**2 - 2*z + 3. Let b be u(m). Suppose b*n - 32 - 34 = 0. What is the tens digit of n?
2
Suppose 4*z + j = 3*j - 38, 0 = 3*z + 2*j + 25. Let m(l) = -9*l + 1. Let o be m(z). Suppose o = 5*i - 5*f + 17, 0 = 5*i + f - 89. What is the tens digit of i?
1
Let i(x) = x**3 + 12*x**2 + 10*x - 12. Let o be i(-11). Let u be 2 + 1 + 2 + o. Suppose 35 = -u*g + 5*g - 4*j, j = -4. What is the tens digit of g?
1
Let p be ((-2)/6)/((-1)/6). Let a(w) = -p + w + 2*w + w. What is the tens digit of a(3)?
1
Suppose 0 = -0*j - 3*j + 540. Suppose -2*k = t - 0*t - j, 0 = 3*t - 4*k - 590. Suppose 5*w = -2*u - 3*u + t, 2*u = 2*w + 88. What is the units digit of u?
1
Suppose 4*t - 8413 - 4715 = 0. What is the hundreds digit of t?
2
Suppose 3*t - 10486 + 2336 = 4*z, -2*t + 5*z = -5438. What is the hundreds digit of t?
7
Let k = 54 + -27. Suppose 0 = 3*n + 6 + k. Let t(q) = -q**2 - 11*q + 2. What is the units digit of t(n)?
2
Suppose 5*v = 5*q + 3*v - 73, -50 = -3*q - 5*v. Let d be (18/q)/(10/(-25)). What is the units digit of d - (2 - 66) - -3?
4
Let w(k) = -k**3 + 6*k**2 + k + 15. Let j(r) = -2*r + 36. Let y be j(15). What is the units digit of w(y)?
1
Let n = -368 + 1892. What is the hundreds digit of n?
5
Suppose 5*x = -2*w + 6925, -2*x = 26*w - 23*w - 2770. What is the units digit of x?
5
Let i(h) = 3*h**2 - 5*h + 3. Let j be i(3). Let b = 16 - j. Suppose -3 = -2*z - b. What is the units digit of z?
1
Let f(b) = 16*b**3 + 8*b**2 - 5*b - 17. What is the units digit of f(6)?
7
What is the tens digit of 1/(1/3015) + 0 + 6?
2
Let z be ((-4)/(-2) - 1)/(-1). Let g(b) = b - 8*b**2 + 0*b + 38*b**2. What is the tens digit of g(z)?
2
Suppose 0 = -4*b + 3*y + 19, 0 = 3*b - y - 2 - 11. What is the units digit of b?
4
Let y(n) = -2*n - 2. Let j be y(-3). Let r be 458/(-5) - j/10. What is the units digit of r/(-3) - (-4)/(-6)?
0
Let h be (-2 + 2)*1 - -3. Suppose -4*a + 872 + 904 = o, -2220 = -5*a - h*o. What is the units digit of (a/(-30))/(2/(-5))?
7
Let y = -48 + 50. Let p = -133 + 202. Suppose -p = -y*n - 17. What is the tens digit of n?
2
Let f(q) = q - 6. Let x(t) = t - 6. Let j(h) = -2*f(h) + 3*x(h). Let u be 522/45 + (-2)/(-5). What is the units digit of j(u)?
6
Suppose -9317 = -5*y - o + 5*o, 0 = o - 2. What is the tens digit of y?
6
Let v(w) = -w**3 - 15*w**2 + 11*w + 19. Let n be v(-16). Let y = n + 13. What is the units digit of y?
2
Let k(v) = v**3 + 0*v**3 + 1 + 2 + 0. Let n be k(0). Suppose n*h + o = -4*o + 155, -4*h = 3*o - 203. What is the units digit of h?
0
Let f be (-6)/(-45) + (-16084)/30. Let h be (-5)/(10/f) - 2. Suppose 81 - h = -5*r. What is the units digit of r?
7
Let z(u) = 2*u**3 - 15*u**2 + 24*u + 11. Let n(r) = -3*r**3 + 22*r**2 - 36*r - 17. Let l(j) = -5*n(j) - 8*z(j). What is the tens digit of l(6)?
6
Let r = -36 + 36. Suppose -5*j + 187 = 4*x - r*x, 5*x - 4*j = 244. What is the units digit of x?
8
Let d(f) = -f - 5. Let u be d(3). What is the tens digit of u/6 + (-392)/(-6)?
6
Let o be ((-2)/(-4))/((-147)/24 - -6). Let z(q) = -2*q**3 - 3*q**2 + 4*q + 6. What is the tens digit of z(o)?
7
Suppose 0 = 3*i + 9*i - 72. Suppose 5*m = -i*m + 2057. What is the units digit of m?
7
Let x = 6 - 1. Suppose -x*o = -2*o - 54. Let z = o + -14. What is the units digit of z?
4
Let v(h) = 7*h**2 + h. Let l be v(1). Let n be (l/(-12) - -1)*6. What is the units digit of -4*1/n*-13?
6
Suppose 11*z = -4*g + 8*z + 8425, 0 = 4*g - 4*z - 8432. What is the hundreds digit of g?
1
Suppose 0 = -2*m + 2*m + 4*m. Suppose 4*l - 3*o - 376 = m, -o - 3*o - 178 = -2*l. What is the units digit of l?
7
Let b(s) = -2*s**2 + 112*s - 102. What is the tens digit of b(27)?
6
Suppose -224 = -r - 3*r. Let s = -40 + r. What is the tens digit of (88/s)/((-1)/(-2))?
1
Let c be (-36)/24*(-4)/6. Suppose 19 + c = 5*y. Suppose y = 3*u - 2. What is the units digit of u?
2
Suppose 23*o - 17*o = 3132. What is the units digit of o?
2
Let m(y) = -30*y**2 - y - 1. Let p be m(-1). Let b be (p/1)/(6/12). Let a = -37 - b. What is the units digit of a?
3
Let l(z) = -7*z**3 + 3*z**2 - 2*z - 17. What is the tens digit of l(-4)?
8
Suppose 0 = 2*a + 23*h - 18*h - 696, -350 = -a - 2*h. What is the tens digit of a?
5
Let n(m) = 3*m - 27. Let b be n(10). Suppose -i + 5 - 2 = b*z, -5*z - 3 = -i. Suppose -o = 4*o - t - 293, o + i*t - 65 = 0. What is the tens digit of o?
5
Suppose -3*v - 2 = 4*p - 0*v, -p - 4*v - 7 = 0. What is the units digit of (3 - -1)/2*p?
2
Let k(c) = 12*c + 27. Let p be k(-7). Let f = p - -121. What is the tens digit of f?
6
Let l(g) = 61*g - 28. What is the units digit of l(9)?
1
Let n(p) = -100*p - 753. What is the hundreds digit of n(-40)?
2
Let n be (-6)/4*30/(-9). Let l = 8 + n. Suppose -l*j - 16 = -14*j. What is the units digit of j?
6
Let w = -3